be n(a). Let b(m) = -m**2 + 6*m + 1. Give b(f).
9
Suppose -10 = -24*c + 22*c, 4*l + 4 = -4*c. Let j(r) = -r**3 - 9*r**2 - 26*r - 53. Determine j(l).
-5
Let m = 209 + -204. Let b(q) = -5*q - 2*q - m - 3 + 4*q**2 - 3*q**2. What is b(7)?
-8
Let c(a) = a**3 - 8*a**2 - 3*a + 16. Let g(o) = o**3 - 5*o**2 - 32*o + 98. Let b be g(-5). Determine c(b).
-8
Let r(g) = -2*g - 4. Suppose -22*d = 32*d - 16*d + 190. Give r(d).
6
Let q = 26129 + -26133. Let h(a) = 157*a + 621. Give h(q).
-7
Let p = 1 + -7. Suppose -3*z = -12 + 3. Let y(n) = -n - n**z - 22 - 6*n**2 + 3*n + 31. Determine y(p).
-3
Let n = 30539 + -30543. Let i(g) = -g**3 - g**2 + 5*g + 2. Calculate i(n).
30
Let m = -127 - -130. Let w(z) = -4*z**2 + 4 + 0 - 2*z**3 + 1 + z**m + 11*z - 12*z. Give w(-3).
-1
Let p(n) = -n**3 - 11*n**2 - 11*n - 12. Let k(z) = -z**2 + 4*z + 10. Let b be k(-2). Let w(t) = -t**2 + 2*t - 2. Let g be w(b). What is p(g)?
-2
Let r = 288 - 284. Let i(j) = -5 + 6*j - 2*j - 3*j + 2*j - r*j. Calculate i(3).
-8
Let p(r) = -2*r - 212. Let s(v) = 2*v + 245. Let u(y) = -7*p(y) - 6*s(y). Give u(12).
38
Let s(f) = -f**3 - 7 + 9 - 381*f**2 + f + 377*f**2 - 3. Calculate s(-5).
19
Let m(p) = 12 - 9 - 74*p**3 + 69*p**3. Let g(y) = -15*y**3 - 2*y - 5 + 2*y - y + 15. Let z(d) = 2*g(d) - 7*m(d). Give z(-1).
-4
Let x(p) be the second derivative of 13*p**3/6 + p**2/2 + 3799*p. Give x(5).
66
Let a(h) be the second derivative of 3*h**3 - 11*h**2/2 - 9536*h. Determine a(0).
-11
Let x(u) = 11*u - 5*u + 0*u + 9*u. Let b = 1347 - 1345. Give x(b).
30
Let y(r) = -r**2 + r + 7. Suppose -3*c = 2*c. Let z be y(c). Let p(l) = -4*l - 390643*l**2 - 6 - 2*l + 390644*l**2. Determine p(z).
1
Let k(j) = -j**2 + 6*j + 7. Let d(h) = h**2 - 11*h - 52. Let u(o) = o**2 - 20*o + 111. Let l be u(12). Let t be d(l). What is k(t)?
-9
Let f be (12/(-5))/((-82)/5 + 16). Let r(u) = 15*u - 44. What is r(f)?
46
Let z(a) = -10*a**3 + 2*a**2 + 8*a**3 + 165 + 0*a - 171 + a**3 + 3*a. Give z(3).
-6
Let o(c) = -c**2 + 6*c - 10. Let r be -6*2/4 + 21 + 1. Let d be (-34)/(-8) + (228/16)/r. What is o(d)?
-5
Suppose 7*g - 2*g = s + 67, -g + 19 = -3*s. Suppose 215*y - 220 = 210*y. Suppose -g*t = -2*t + y. Let c(l) = l. Calculate c(t).
-4
Let l(c) = 31*c**3 - 2*c**2 - 2*c. Suppose a - 5*f + 1 = 0, 3 = -7*a + 4*a + 2*f. Give l(a).
-31
Let p(l) = 13*l - 28. Let f(w) = 2*w + 3. Let h(x) = -2*f(x) + p(x). What is h(4)?
2
Let a be (-10 - (-4 + 9/(27/(-30)))) + 4. Let g(b) = -2*b**2 + 5*b + 18 - 2*b**2 + 3*b**2. Calculate g(a).
-6
Suppose 20 = -4*m, 4*m = -5*w - 0*m + 185. Let a = w + -37. Let b(t) = -t**2 + 10*t - 3. Let y(g) = g**2 - 11*g + 3. Let s(c) = a*y(c) + 5*b(c). Give s(6).
-3
Let o(z) = -13*z - 236. Suppose -8053 + 8251 = -11*r. What is o(r)?
-2
Let s(h) be the third derivative of -19*h**4/4 - 458*h**3/3 + 3*h**2 - 96*h. Determine s(-8).
-4
Let w(n) = -7*n**3 - 3*n**2 - 3*n - 13. Let f(l) = -3*l**3 - 2*l - 7. Let y(k) = 5*f(k) - 2*w(k). Give y(4).
7
Let k(a) = -a**2 + 11*a + 42. Let v be k(14). Let h(t) = -3 - 2*t + v - 3 + 0. Give h(-5).
4
Let c(o) = o + 12. Let w be c(-13). Let y be -1 - w - (2 - (3 + 2)). Let m(d) = -6*d**3 + 5*d**y + 45*d - 5*d**2 - 48*d - 3. Give m(-5).
12
Let x(k) be the first derivative of -k**3/3 - 11*k**2 - 117*k + 1056. Determine x(-11).
4
Let r(m) be the second derivative of 8*m**3/3 + 3*m**2 - 7*m + 76. Give r(-1).
-10
Let z(f) be the first derivative of 9*f**4/4 + 11*f**3/3 + 2*f**2 + 21*f - 65. Let b(s) = -7*s**3 - 9*s**2 - 3*s - 20. Let l(c) = 5*b(c) + 4*z(c). What is l(0)?
-16
Let l(j) = -13*j + 5*j + 22 + 53*j**3 + 11 + j**2 - 52*j**3 + 14*j**2. Calculate l(-15).
153
Let a(w) be the second derivative of 2*w + 26 + 2*w**2 + 1/6*w**3. Give a(0).
4
Suppose -3*v = -14*v + 8*v. Let u(m) = -2*m**2 - 2*m**2 + 9*m**2 + v*m**2 - m. Calculate u(2).
18
Let f(h) = -74*h - 20. Let w(l) = 12*l - 2. Let r(x) = -f(x) - 6*w(x). What is r(-23)?
-14
Let y(x) = -x**2 + 48*x - 561. Suppose 78*j = 2573 - 935. What is y(j)?
6
Let i be (-3)/(-36) + (-2)/(6 + 90/(-5)). Let v(y) be the first derivative of -2*y + 4 - i*y**4 + 0*y**2 + 2/3*y**3. Determine v(3).
-11
Let x(t) = 5*t**3 - 2*t**2 - 19*t - 10. Let q(r) = -4*r**3 + 3*r**2 + 16*r + 11. Let v(h) = 6*q(h) + 5*x(h). Determine v(-8).
8
Let l(k) = 2*k - 4. Let u(y) be the second derivative of -y**3/6 - y**2/2 + 4*y. Let i be u(-6). Calculate l(i).
6
Let u(r) = -3*r + 18. Let l be u(21). Let m be ((-234)/l)/((-2)/(-5)). Suppose -4*x + m = 1. Let j(n) = 2*n + 1. What is j(x)?
7
Let i(g) = g**3 - 10*g**2 + 15*g + 10. Let r be i(8). Suppose 3*v - 4*t - 3 = -5, r*v = 2*t. Let u(q) = -3*q**2 + q + 4. Determine u(v).
-6
Let j(i) = 2*i**2 - 5*i + 1. Let u(w) = w - 8. Let r be u(7). Let h = r - -4. Let v(s) = -3*s**2 + 11*s - 1. Let n(c) = h*v(c) + 5*j(c). Give n(-8).
2
Let q(d) = 5*d**2 - 16*d - 64. Let l(h) = 2*h**2 - 9*h - 32. Let f(k) = -9*l(k) + 4*q(k). Give f(-3).
-1
Suppose f + 10 = -4*a, 2*f + a + 7 - 1 = 0. Let p(d) = 2*d - 4*d - 4*d**3 + 6 + 3*d - 8. Give p(f).
28
Let q(s) = -4*s + s**2 - 7 + s**3 + 5*s - 2. Let y be ((-760)/26)/(-5) + (-6)/(-39). Let h be ((-13)/y)/13*0. Calculate q(h).
-9
Let v = 40411 - 40406. Let j(r) = -7*r**2 + 12*r - 19. Let o(z) = -11*z**2 + 18*z - 28. Let n(u) = 8*j(u) - 5*o(u). What is n(v)?
-7
Let z(l) = -1 - 3 - 3 + l. Let h = -24610 + 24618. What is z(h)?
1
Let z(a) = 2*a**2 - 11*a - 12. Let w = -58 + 57. Calculate z(w).
1
Let l(d) = d. Let x(y) = -2 + 0*y**3 + 4 - 1 + 3*y - 2*y**2 - y**3. Let h = 119 + -120. Let z(u) = h*x(u) + l(u). Give z(-3).
-4
Let u be ((-553)/(-14))/(3/6). Let t = u - 89. Let v(x) = -x**2 - 10*x - 5. What is v(t)?
-5
Let w(c) = -5 + 5*c**2 + 5*c**2 + 2*c - c**2 - 8*c**2. Suppose 3*v - 2*k - 4 = 0, v = -k + 3*k - 4. Calculate w(v).
19
Let c(s) = s**2 + 23*s - 43. Let j be (-10)/(-6)*(3 - 5 - 13). Let a be c(j). Let x(u) = 175*u - u**2 - 79*u - 6 - 89*u. What is x(a)?
-6
Let h = 16 + -14. Suppose g - 5*f - 25 = 4, -h*g + 3 = f. Let t(c) be the third derivative of c**5/60 - c**4/4 + c**3 - 2*c**2. What is t(g)?
-2
Let c(r) = -33*r + 33. Let p(t) = -368*t + 368. Let u(a) = 56*c(a) - 5*p(a). Calculate u(-1).
16
Let i(z) = -17 + 35 + 1029*z - 1030*z + 14. What is i(0)?
32
Let t be ((-3)/4)/((-21240)/640 - -33). Let r(f) be the third derivative of 35*f**2 + 0 + 0*f + 1/6*f**3 - 1/12*f**t - 1/60*f**5. Give r(-2).
1
Let p(k) = -k**2 + 16*k - 14. Let t be p(15). Let h(a) = -2*a + 2. Let b(f) = -9*f - 3. Let o(l) = b(l) + 2*h(l). Determine o(t).
-12
Let m(c) = -c**2 + c - 3. Let o be (190/6)/(-1 + (-6)/(-9)). Let k = o + 101. Let p(g) = -g**2 + 4*g + 15. Let l be p(k). Determine m(l).
-9
Let z(o) be the third derivative of -o**5/30 - o**4/6 - 5*o**3/6 + 2*o**2 - 2. Suppose -2*h + 3*w - 1 = 0, -65 + 51 = -2*h - 2*w. Give z(h).
-53
Suppose s + 0 + 2 = 0. Let q(f) be the third derivative of -1/6*f**3 + 4 - 11*f**2 + 0*f - 1/8*f**4 + 1/120*f**6 - 1/30*f**5. Determine q(s).
-11
Let l(q) = 2*q**3 - 3*q**2 - q**3 + 3*q - 7 - 3*q**2. Let y(x) = -1280*x**3 + 4*x - 5. Let c be y(1). Let s = c - -1286. Give l(s).
-17
Let a(f) be the third derivative of -f**5/30 + f**4/8 + 7*f**3/6 - f**2 - 232. What is a(7)?
-70
Let n(s) = 9*s + 5. Let m(o) = -o**2 - 9*o - 6. Let j(r) = -5*m(r) - 6*n(r). Let i be j(2). Let f(g) = 3 + 1 - g**2 - 2. What is f(i)?
-2
Let a(f) = 31*f**2 + 282*f - 44. Let g(m) = -5*m**2 - 47*m + 8. Let p(h) = -6*a(h) - 38*g(h). Calculate p(-24).
8
Suppose k - 13 = 2*p, 98*p + k = 102*p + 25. Let b(m) = -9*m - 36. Determine b(p).
18
Let y = -5 + 3. Let f(h) be the third derivative of -h**5/60 + h**3/6 + 4401*h**2. What is f(y)?
-3
Let d(w) = -w**2 - 28*w - 100. Let b be (12*30/(-450))/(1/5). What is d(b)?
-4
Let u(n) be the third derivative of 0*n + 1/60*n**5 + 1/6*n**4 - 2/3*n**3 + 3*n**2 + 0. Determine u(-5).
1
Let f(o) = -o**3 + 3*o**2 - 2. Let v be (-8 + 119/14)/(3/12). Give f(v).
2
Let w(p) = -11*p**3 + 16*p**2 + 35*p - 30. Let x(u) = -8*u**3 + 10*u**2 + 24*u - 20. Let r(o) = -5*w(o) + 7*x(o). Determine r(-8).
-62
Let b(x) = -x**3 + x + 1. Suppose -4*m = -3*l - 57, -4*m - 2*l = 3*l - 65. Suppose -95 = 13*o - 134. Suppose 6*z + o = m. Calculate b(z).
-5
Suppose 311 = 3*a + 4*w, 0 = -3*w - 4 - 8. Let z = 116 - a. Let r(k) be the first derivative of -k**3/3 + 3*k**2 - 3*k - 5. Determine r(z).
-10
Suppose 0 = 5*a - b + 4*b +